{"id":274,"date":"2023-09-18T00:06:32","date_gmt":"2023-09-17T22:06:32","guid":{"rendered":"https:\/\/school.iars-africa.org\/?page_id=274"},"modified":"2023-09-21T09:55:54","modified_gmt":"2023-09-21T07:55:54","slug":"devenir-mentor","status":"publish","type":"page","link":"https:\/\/school.iars-africa.org\/index.php\/devenir-mentor\/","title":{"rendered":"Devenir mentor"},"content":{"rendered":"\t\t<div data-elementor-type=\"wp-page\" data-elementor-id=\"274\" class=\"elementor elementor-274\">\n\t\t\t\t\t\t<section class=\"elementor-section elementor-top-section elementor-element elementor-element-fcefb2e elementor-section-full_width elementor-section-height-min-height elementor-section-stretched elementor-section-height-default elementor-section-items-middle\" data-id=\"fcefb2e\" data-element_type=\"section\" data-e-type=\"section\" data-settings=\"{&quot;stretch_section&quot;:&quot;section-stretched&quot;,&quot;background_background&quot;:&quot;classic&quot;}\">\n\t\t\t\t\t\t\t<div class=\"elementor-background-overlay\"><\/div>\n\t\t\t\t\t\t\t<div class=\"elementor-container elementor-column-gap-default\">\n\t\t\t\t\t<div class=\"elementor-column elementor-col-100 elementor-top-column elementor-element elementor-element-54d19e9\" data-id=\"54d19e9\" data-element_type=\"column\" data-e-type=\"column\">\n\t\t\t<div class=\"elementor-widget-wrap elementor-element-populated\">\n\t\t\t\t\t\t<div class=\"elementor-element elementor-element-9f1b746 elementor-widget elementor-widget-heading\" data-id=\"9f1b746\" data-element_type=\"widget\" data-e-type=\"widget\" data-widget_type=\"heading.default\">\n\t\t\t\t<div class=\"elementor-widget-container\">\n\t\t\t\t\t<h1 class=\"elementor-heading-title elementor-size-default\">DEVENIR MENTOR<\/h1>\t\t\t\t<\/div>\n\t\t\t\t<\/div>\n\t\t\t\t<div class=\"elementor-element elementor-element-27057fd elementor-widget-divider--view-line elementor-widget elementor-widget-divider\" data-id=\"27057fd\" data-element_type=\"widget\" data-e-type=\"widget\" data-widget_type=\"divider.default\">\n\t\t\t\t<div class=\"elementor-widget-container\">\n\t\t\t\t\t\t\t<div class=\"elementor-divider\">\n\t\t\t<span class=\"elementor-divider-separator\">\n\t\t\t\t\t\t<\/span>\n\t\t<\/div>\n\t\t\t\t\t\t<\/div>\n\t\t\t\t<\/div>\n\t\t\t\t\t<\/div>\n\t\t<\/div>\n\t\t\t\t\t<\/div>\n\t\t<\/section>\n\t\t\t\t<section class=\"elementor-section elementor-top-section elementor-element elementor-element-b638117 devenir_titre elementor-section-full_width elementor-section-stretched elementor-section-height-default elementor-section-height-default\" data-id=\"b638117\" data-element_type=\"section\" data-e-type=\"section\" id=\"devenir_titre\" data-settings=\"{&quot;background_background&quot;:&quot;classic&quot;,&quot;stretch_section&quot;:&quot;section-stretched&quot;}\">\n\t\t\t\t\t\t<div class=\"elementor-container elementor-column-gap-default\">\n\t\t\t\t\t<div class=\"elementor-column elementor-col-100 elementor-top-column elementor-element elementor-element-3cfe87d coachpress-section7-mid\" data-id=\"3cfe87d\" data-element_type=\"column\" data-e-type=\"column\">\n\t\t\t<div class=\"elementor-widget-wrap elementor-element-populated\">\n\t\t\t\t\t\t<div class=\"elementor-element elementor-element-683e77c elementor-align-center coachpress-asfeatured-btn elementor-widget elementor-widget-button\" data-id=\"683e77c\" data-element_type=\"widget\" data-e-type=\"widget\" data-widget_type=\"button.default\">\n\t\t\t\t<div class=\"elementor-widget-container\">\n\t\t\t\t\t\t\t\t\t<div class=\"elementor-button-wrapper\">\n\t\t\t\t\t<a class=\"elementor-button elementor-size-sm\" role=\"button\">\n\t\t\t\t\t\t<span class=\"elementor-button-content-wrapper\">\n\t\t\t\t\t\t\t\t\t<span class=\"elementor-button-text\">DEVENIR MENTOR<\/span>\n\t\t\t\t\t<\/span>\n\t\t\t\t\t<\/a>\n\t\t\t\t<\/div>\n\t\t\t\t\t\t\t\t<\/div>\n\t\t\t\t<\/div>\n\t\t\t\t\t<\/div>\n\t\t<\/div>\n\t\t\t\t\t<\/div>\n\t\t<\/section>\n\t\t\t\t<div class=\"elementor-section elementor-top-section elementor-element elementor-element-72ecd4bd elementor-section-content-middle elementor-section-stretched elementor-section-boxed elementor-section-height-default elementor-section-height-default\" data-id=\"72ecd4bd\" data-element_type=\"section\" data-e-type=\"section\" data-settings=\"{&quot;stretch_section&quot;:&quot;section-stretched&quot;,&quot;background_background&quot;:&quot;classic&quot;}\">\n\t\t\t\t\t\t<div class=\"elementor-container elementor-column-gap-default\">\n\t\t\t\t\t<div class=\"elementor-column elementor-col-100 elementor-top-column elementor-element elementor-element-29ca00df\" data-id=\"29ca00df\" data-element_type=\"column\" data-e-type=\"column\">\n\t\t\t<div class=\"elementor-widget-wrap elementor-element-populated\">\n\t\t\t\t\t\t<div class=\"elementor-element elementor-element-ab30f08 elementor-button-align-start elementor-widget elementor-widget-form\" data-id=\"ab30f08\" data-element_type=\"widget\" data-e-type=\"widget\" data-settings=\"{&quot;step_next_label&quot;:&quot;Next&quot;,&quot;step_previous_label&quot;:&quot;Previous&quot;,&quot;button_width&quot;:&quot;100&quot;,&quot;step_type&quot;:&quot;number_text&quot;,&quot;step_icon_shape&quot;:&quot;circle&quot;}\" data-widget_type=\"form.default\">\n\t\t\t\t<div class=\"elementor-widget-container\">\n\t\t\t\t\t\t\t<form class=\"elementor-form\" method=\"post\" name=\"Form_partenaires\">\n\t\t\t<input type=\"hidden\" name=\"post_id\" value=\"274\"\/>\n\t\t\t<input type=\"hidden\" name=\"form_id\" value=\"ab30f08\"\/>\n\t\t\t<input type=\"hidden\" name=\"referer_title\" value=\"\" \/>\n\n\t\t\t\n\t\t\t<div class=\"elementor-form-fields-wrapper elementor-labels-above\">\n\t\t\t\t\t\t\t\t<div class=\"elementor-field-type-step elementor-field-group elementor-column elementor-field-group-field_f840010 elementor-col-100\">\n\t\t\t\t\t\t\t<div class=\"e-field-step elementor-hidden\" data-label=\"Accompagnement\" data-previousButton=\"Pr\u00e9c\u00e9dent\" data-nextButton=\"Suivant\" data-iconUrl=\"\" data-iconLibrary=\"fas fa-star\" data-icon=\"\" ><\/div>\n\n\t\t\t\t\t\t<\/div>\n\t\t\t\t\t\t\t\t<div class=\"elementor-field-type-html elementor-field-group elementor-column elementor-field-group-field_678c8b3 elementor-col-100\">\n\t\t\t\t\t<strong>Un grand merci pour votre soutien, sur quel(s) point(s) aimeriez vous accompagner votre futur jeune ?<\/strong>\t\t\t\t<\/div>\n\t\t\t\t\t\t\t\t<div class=\"elementor-field-type-checkbox elementor-field-group elementor-column elementor-field-group-field_d31fc2f elementor-col-100\">\n\t\t\t\t\t<div class=\"elementor-field-subgroup  \"><span class=\"elementor-field-option\"><input type=\"checkbox\" value=\"TRANSMETTRE (Partagez votre v\u00e9cu, votre parcours \u00e0 un \u00e9tudiant int\u00e9ress\u00e9 par votre m\u00e9tier...)\" id=\"form-field-field_d31fc2f-0\" name=\"form_fields[field_d31fc2f][]\"> <label for=\"form-field-field_d31fc2f-0\">TRANSMETTRE (Partagez votre v\u00e9cu, votre parcours \u00e0 un \u00e9tudiant int\u00e9ress\u00e9 par votre m\u00e9tier...)<\/label><\/span><span class=\"elementor-field-option\"><input type=\"checkbox\" value=\" RECRUTEMENT (Conseillez pour l\u2019aider \u00e0 trouver son premier emploi ou entrer dans une \u00e9cole...)\" id=\"form-field-field_d31fc2f-1\" name=\"form_fields[field_d31fc2f][]\"> <label for=\"form-field-field_d31fc2f-1\"> RECRUTEMENT (Conseillez pour l\u2019aider \u00e0 trouver son premier emploi ou entrer dans une \u00e9cole...)<\/label><\/span><span class=\"elementor-field-option\"><input type=\"checkbox\" value=\" MOTIVATION (Soutenez et motivez un jeune en difficult\u00e9...)\" id=\"form-field-field_d31fc2f-2\" name=\"form_fields[field_d31fc2f][]\"> <label for=\"form-field-field_d31fc2f-2\"> MOTIVATION (Soutenez et motivez un jeune en difficult\u00e9...)<\/label><\/span><span class=\"elementor-field-option\"><input type=\"checkbox\" value=\" M\u00c9THODOLOGIE (Aidez un \u00e9tudiant \u00e0 mieux s\u2019organiser afin qu\u2019il am\u00e9liore ses r\u00e9sultats...)\" id=\"form-field-field_d31fc2f-3\" name=\"form_fields[field_d31fc2f][]\"> <label for=\"form-field-field_d31fc2f-3\"> M\u00c9THODOLOGIE (Aidez un \u00e9tudiant \u00e0 mieux s\u2019organiser afin qu\u2019il am\u00e9liore ses r\u00e9sultats...)<\/label><\/span><span class=\"elementor-field-option\"><input type=\"checkbox\" value=\" PRATIQUE DE L&#039; ANGLAIS (Discutez dans une langue \u00e9trang\u00e8re pour faire progresser un \u00e9tudiant...)\" id=\"form-field-field_d31fc2f-4\" name=\"form_fields[field_d31fc2f][]\"> <label for=\"form-field-field_d31fc2f-4\"> PRATIQUE DE L' ANGLAIS (Discutez dans une langue \u00e9trang\u00e8re pour faire progresser un \u00e9tudiant...)<\/label><\/span><\/div>\t\t\t\t<\/div>\n\t\t\t\t\t\t\t\t<div class=\"elementor-field-type-radio elementor-field-group elementor-column elementor-field-group-field_9943149 elementor-col-100\">\n\t\t\t\t\t\t\t\t\t\t\t\t<label for=\"form-field-field_9943149\" class=\"elementor-field-label\">\n\t\t\t\t\t\t\t\tEtes-vous disponible \u00e0 hauteur de 2h par mois pour :\t\t\t\t\t\t\t<\/label>\n\t\t\t\t\t\t<div class=\"elementor-field-subgroup  \"><span class=\"elementor-field-option\"><input type=\"radio\" value=\"Un accompagnement de 3 \u00e0 6 mois\" id=\"form-field-field_9943149-0\" name=\"form_fields[field_9943149]\"> <label for=\"form-field-field_9943149-0\">Un accompagnement de 3 \u00e0 6 mois<\/label><\/span><span class=\"elementor-field-option\"><input type=\"radio\" value=\" Un accompagnement plus durable, \u00e0 hauteur d&#039;une ann\u00e9e d&#039;\u00e9tude\" id=\"form-field-field_9943149-1\" name=\"form_fields[field_9943149]\"> <label for=\"form-field-field_9943149-1\"> Un accompagnement plus durable, \u00e0 hauteur d'une ann\u00e9e d'\u00e9tude<\/label><\/span><span class=\"elementor-field-option\"><input type=\"radio\" value=\" Je n&#039;ai pas de pr\u00e9f\u00e9rence\" id=\"form-field-field_9943149-2\" name=\"form_fields[field_9943149]\"> <label for=\"form-field-field_9943149-2\"> Je n'ai pas de pr\u00e9f\u00e9rence<\/label><\/span><\/div>\t\t\t\t<\/div>\n\t\t\t\t\t\t\t\t<div class=\"elementor-field-type-step elementor-field-group elementor-column elementor-field-group-field_b48f241 elementor-col-100\">\n\t\t\t\t\t\t\t<div class=\"e-field-step elementor-hidden\" data-label=\"Infos personnelles\" data-previousButton=\"Pr\u00e9c\u00e9dent\" data-nextButton=\"Suivant\" data-iconUrl=\"\" data-iconLibrary=\"fas fa-star\" data-icon=\"\" ><\/div>\n\n\t\t\t\t\t\t<\/div>\n\t\t\t\t\t\t\t\t<div class=\"elementor-field-type-select elementor-field-group elementor-column elementor-field-group-civilite elementor-col-50\">\n\t\t\t\t\t\t\t\t\t\t\t\t<label for=\"form-field-civilite\" class=\"elementor-field-label\">\n\t\t\t\t\t\t\t\tCivilit\u00e9\t\t\t\t\t\t\t<\/label>\n\t\t\t\t\t\t\t\t<div class=\"elementor-field elementor-select-wrapper \">\n\t\t\t<select name=\"form_fields[civilite]\" id=\"form-field-civilite\" class=\"elementor-field-textual elementor-size-md\">\n\t\t\t\t\t\t\t\t\t<option value=\"Monsieur\" selected=\"selected\">Monsieur<\/option>\n\t\t\t\t\t\t\t\t\t<option value=\"Madame\">Madame<\/option>\n\t\t\t\t\t\t\t\t\t<option value=\"Mademoiselle\">Mademoiselle<\/option>\n\t\t\t\t\t\t\t<\/select>\n\t\t<\/div>\n\t\t\t\t\t\t<\/div>\n\t\t\t\t\t\t\t\t<div class=\"elementor-field-type-text elementor-field-group elementor-column elementor-field-group-field_a9339aa elementor-col-50\">\n\t\t\t\t\t\t\t\t\t\t\t\t<label for=\"form-field-field_a9339aa\" class=\"elementor-field-label\">\n\t\t\t\t\t\t\t\tNom complet\t\t\t\t\t\t\t<\/label>\n\t\t\t\t\t\t\t\t\t\t\t\t\t\t<input size=\"1\" type=\"text\" name=\"form_fields[field_a9339aa]\" id=\"form-field-field_a9339aa\" class=\"elementor-field elementor-size-md  elementor-field-textual\" placeholder=\"Nom complet\">\n\t\t\t\t\t\t\t\t\t\t\t<\/div>\n\t\t\t\t\t\t\t\t<div class=\"elementor-field-type-date elementor-field-group elementor-column elementor-field-group-field_04a1a9f elementor-col-50\">\n\t\t\t\t\t\t\t\t\t\t\t\t<label for=\"form-field-field_04a1a9f\" class=\"elementor-field-label\">\n\t\t\t\t\t\t\t\t Date de naissance \t\t\t\t\t\t\t<\/label>\n\t\t\t\t\t\t\n\t\t<input type=\"date\" name=\"form_fields[field_04a1a9f]\" id=\"form-field-field_04a1a9f\" class=\"elementor-field elementor-size-md  elementor-field-textual elementor-date-field\" placeholder=\" Date de naissance \" pattern=\"[0-9]{4}-[0-9]{2}-[0-9]{2}\">\n\t\t\t\t\t\t<\/div>\n\t\t\t\t\t\t\t\t<div class=\"elementor-field-type-text elementor-field-group elementor-column elementor-field-group-field_b507a50 elementor-col-50\">\n\t\t\t\t\t\t\t\t\t\t\t\t<label for=\"form-field-field_b507a50\" class=\"elementor-field-label\">\n\t\t\t\t\t\t\t\tPays \t\t\t\t\t\t\t<\/label>\n\t\t\t\t\t\t\t\t\t\t\t\t\t\t<input size=\"1\" type=\"text\" name=\"form_fields[field_b507a50]\" id=\"form-field-field_b507a50\" class=\"elementor-field elementor-size-md  elementor-field-textual\" placeholder=\"Pays \">\n\t\t\t\t\t\t\t\t\t\t\t<\/div>\n\t\t\t\t\t\t\t\t<div class=\"elementor-field-type-tel elementor-field-group elementor-column elementor-field-group-tel elementor-col-50\">\n\t\t\t\t\t\t\t\t\t\t\t\t<label for=\"form-field-tel\" class=\"elementor-field-label\">\n\t\t\t\t\t\t\t\tT\u00e9l\u00e9phone \t\t\t\t\t\t\t<\/label>\n\t\t\t\t\t\t\t\t<input size=\"1\" type=\"tel\" name=\"form_fields[tel]\" id=\"form-field-tel\" class=\"elementor-field elementor-size-md  elementor-field-textual\" placeholder=\"T\u00e9l\u00e9phone \" pattern=\"[0-9()#&amp;+*-=.]+\" title=\"Only numbers and phone characters (#, -, *, etc) are accepted.\">\n\n\t\t\t\t\t\t<\/div>\n\t\t\t\t\t\t\t\t<div class=\"elementor-field-type-text elementor-field-group elementor-column elementor-field-group-field_b4be1fa elementor-col-50\">\n\t\t\t\t\t\t\t\t\t\t\t\t<label for=\"form-field-field_b4be1fa\" class=\"elementor-field-label\">\n\t\t\t\t\t\t\t\tVille\/Quartier \t\t\t\t\t\t\t<\/label>\n\t\t\t\t\t\t\t\t\t\t\t\t\t\t<input size=\"1\" type=\"text\" name=\"form_fields[field_b4be1fa]\" id=\"form-field-field_b4be1fa\" class=\"elementor-field elementor-size-md  elementor-field-textual\" placeholder=\"Ville\/Quartier \">\n\t\t\t\t\t\t\t\t\t\t\t<\/div>\n\t\t\t\t\t\t\t\t<div class=\"elementor-field-type-step elementor-field-group elementor-column elementor-field-group-field_846686e elementor-col-100\">\n\t\t\t\t\t\t\t<div class=\"e-field-step elementor-hidden\" data-label=\"Profil\" data-previousButton=\"Pr\u00e9c\u00e9dent\" data-nextButton=\"Suivant\" data-iconUrl=\"\" data-iconLibrary=\"fas fa-star\" data-icon=\"\" ><\/div>\n\n\t\t\t\t\t\t<\/div>\n\t\t\t\t\t\t\t\t<div class=\"elementor-field-type-select elementor-field-group elementor-column elementor-field-group-field_7078f8c elementor-col-50\">\n\t\t\t\t\t\t\t\t\t\t\t\t<label for=\"form-field-field_7078f8c\" class=\"elementor-field-label\">\n\t\t\t\t\t\t\t\tQuel est votre statut d'activit\u00e9 ? \t\t\t\t\t\t\t<\/label>\n\t\t\t\t\t\t\t\t<div class=\"elementor-field elementor-select-wrapper \">\n\t\t\t<select name=\"form_fields[field_7078f8c]\" id=\"form-field-field_7078f8c\" class=\"elementor-field-textual elementor-size-md\">\n\t\t\t\t\t\t\t\t\t<option value=\"Salari\u00e9\">Salari\u00e9<\/option>\n\t\t\t\t\t\t\t\t\t<option value=\"Ind\u00e9pendant\">Ind\u00e9pendant<\/option>\n\t\t\t\t\t\t\t\t\t<option value=\"Retrait\u00e9\">Retrait\u00e9<\/option>\n\t\t\t\t\t\t\t\t\t<option value=\"Autre\">Autre<\/option>\n\t\t\t\t\t\t\t<\/select>\n\t\t<\/div>\n\t\t\t\t\t\t<\/div>\n\t\t\t\t\t\t\t\t<div class=\"elementor-field-type-select elementor-field-group elementor-column elementor-field-group-field_17c99a6 elementor-col-50\">\n\t\t\t\t\t\t\t\t\t\t\t\t<label for=\"form-field-field_17c99a6\" class=\"elementor-field-label\">\n\t\t\t\t\t\t\t\tCombien d'ann\u00e9es d'exp\u00e9rience professionnelle avez-vous ? \t\t\t\t\t\t\t<\/label>\n\t\t\t\t\t\t\t\t<div class=\"elementor-field elementor-select-wrapper \">\n\t\t\t<select name=\"form_fields[field_17c99a6]\" id=\"form-field-field_17c99a6\" class=\"elementor-field-textual elementor-size-md\">\n\t\t\t\t\t\t\t\t\t<option value=\"Moins de 01 an\">Moins de 01 an<\/option>\n\t\t\t\t\t\t\t\t\t<option value=\"Entre 01 et 05 ans\">Entre 01 et 05 ans<\/option>\n\t\t\t\t\t\t\t\t\t<option value=\"Plus de 05 ans\">Plus de 05 ans<\/option>\n\t\t\t\t\t\t\t<\/select>\n\t\t<\/div>\n\t\t\t\t\t\t<\/div>\n\t\t\t\t\t\t\t\t<div class=\"elementor-field-type-text elementor-field-group elementor-column elementor-field-group-field_45ca99c elementor-col-50\">\n\t\t\t\t\t\t\t\t\t\t\t\t<label for=\"form-field-field_45ca99c\" class=\"elementor-field-label\">\n\t\t\t\t\t\t\t\tSecteur d\u2019activit\u00e9 \t\t\t\t\t\t\t<\/label>\n\t\t\t\t\t\t\t\t\t\t\t\t\t\t<input size=\"1\" type=\"text\" name=\"form_fields[field_45ca99c]\" id=\"form-field-field_45ca99c\" class=\"elementor-field elementor-size-md  elementor-field-textual\" placeholder=\"Secteur d\u2019activit\u00e9 \">\n\t\t\t\t\t\t\t\t\t\t\t<\/div>\n\t\t\t\t\t\t\t\t<div class=\"elementor-field-type-text elementor-field-group elementor-column elementor-field-group-field_24856b6 elementor-col-50\">\n\t\t\t\t\t\t\t\t\t\t\t\t<label for=\"form-field-field_24856b6\" class=\"elementor-field-label\">\n\t\t\t\t\t\t\t\tVotre entreprise\t\t\t\t\t\t\t<\/label>\n\t\t\t\t\t\t\t\t\t\t\t\t\t\t<input size=\"1\" type=\"text\" name=\"form_fields[field_24856b6]\" id=\"form-field-field_24856b6\" class=\"elementor-field elementor-size-md  elementor-field-textual\" placeholder=\"Votre entreprise\">\n\t\t\t\t\t\t\t\t\t\t\t<\/div>\n\t\t\t\t\t\t\t\t<div class=\"elementor-field-type-text elementor-field-group elementor-column elementor-field-group-field_a93fbbb elementor-col-50\">\n\t\t\t\t\t\t\t\t\t\t\t\t<label for=\"form-field-field_a93fbbb\" class=\"elementor-field-label\">\n\t\t\t\t\t\t\t\tIntitul\u00e9 de poste\t\t\t\t\t\t\t<\/label>\n\t\t\t\t\t\t\t\t\t\t\t\t\t\t<input size=\"1\" type=\"text\" name=\"form_fields[field_a93fbbb]\" id=\"form-field-field_a93fbbb\" class=\"elementor-field elementor-size-md  elementor-field-textual\" placeholder=\"Intitul\u00e9 de poste\">\n\t\t\t\t\t\t\t\t\t\t\t<\/div>\n\t\t\t\t\t\t\t\t<div class=\"elementor-field-type-upload elementor-field-group elementor-column elementor-field-group-field_055594c elementor-col-50\">\n\t\t\t\t\t\t\t\t\t\t\t\t<label for=\"form-field-field_055594c\" class=\"elementor-field-label\">\n\t\t\t\t\t\t\t\tCV \t\t\t\t\t\t\t<\/label>\n\t\t\t\t\t\t\t\t<input type=\"file\" name=\"form_fields[field_055594c]\" id=\"form-field-field_055594c\" class=\"elementor-field elementor-size-md  elementor-upload-field\">\n\n\t\t\t\t\t\t<\/div>\n\t\t\t\t\t\t\t\t<div class=\"elementor-field-type-checkbox elementor-field-group elementor-column elementor-field-group-field_9ea617f elementor-col-50\">\n\t\t\t\t\t\t\t\t\t\t\t\t<label for=\"form-field-field_9ea617f\" class=\"elementor-field-label\">\n\t\t\t\t\t\t\t\tJ'occupe actuellement ce poste\t\t\t\t\t\t\t<\/label>\n\t\t\t\t\t\t<div class=\"elementor-field-subgroup  \"><span class=\"elementor-field-option\"><input type=\"checkbox\" value=\"J&#039;occupe actuellement ce poste\" id=\"form-field-field_9ea617f-0\" name=\"form_fields[field_9ea617f]\"> <label for=\"form-field-field_9ea617f-0\">J'occupe actuellement ce poste<\/label><\/span><\/div>\t\t\t\t<\/div>\n\t\t\t\t\t\t\t\t<div class=\"elementor-field-type-step elementor-field-group elementor-column elementor-field-group-field_65aee0a elementor-col-100\">\n\t\t\t\t\t\t\t<div class=\"e-field-step elementor-hidden\" data-label=\"Validation\" data-previousButton=\"Pr\u00e9c\u00e9dent\" data-nextButton=\"Suivant\" data-iconUrl=\"\" data-iconLibrary=\"fas fa-star\" data-icon=\"\" ><\/div>\n\n\t\t\t\t\t\t<\/div>\n\t\t\t\t\t\t\t\t<div class=\"elementor-field-type-html elementor-field-group elementor-column elementor-field-group-field_a380312 elementor-col-100\">\n\t\t\t\t\tEN COCHANT CES CASES ; <br\/>\n <input type=\"checkbox\" id=\"majeur\" name=\"majeur\" value=\"Bike\">\n  <label for=\"majeur\"> J'atteste que je suis majeur.e<\/label><br>\n  \n  <input type=\"checkbox\" id=\"condamnation \" name=\"condamnation \" value=\"Car\">\n  <label for=\"condamnation \"> J'atteste que je n'ai fait l'objet d'aucune condamnation judiciaire (pas de casier judiciaire)<\/label><br>\n  \n  <input type=\"checkbox\" id=\"charte\" name=\"charte\" value=\"Boat\">\n  <label for=\"charte\"> J'accepte <a href=\"\" style=\"color:#FFDF1B; text-decoration:none\"><strong>la charte de l'engagement b\u00e9n\u00e9vole.<\/strong><\/a><\/label><br>\n  \n  <input type=\"checkbox\" id=\"confidentialite\" name=\"confidentialite\" value=\"Boat\">\n  <label for=\"confidentialite\"> J'accepte <a href=\"\" style=\"color:#FFDF1B; text-decoration:none\"><strong>la politique de confidentialit\u00e9 et de protection des donn\u00e9es.<\/strong><\/a><\/label><br>\n  \n  <input type=\"checkbox\" id=\"newsletter\" name=\"newsletter\" value=\"Boat\">\n  <label for=\"newsletter\"> J'accepte de recevoir la newsletter de schoolrating.com<\/label><br\/><br\/>\t\t\t\t<\/div>\n\t\t\t\t\t\t\t\t<div class=\"elementor-field-group elementor-column elementor-field-type-submit elementor-col-100 e-form__buttons\">\n\t\t\t\t\t<button type=\"submit\" class=\"elementor-button elementor-size-md\">\n\t\t\t\t\t\t<span >\n\t\t\t\t\t\t\t\t\t\t\t\t\t\t\t<span class=\" elementor-button-icon\">\n\t\t\t\t\t\t\t\t\t\t\t\t\t\t\t\t\t\t\t\t\t\t\t\t\t\t<\/span>\n\t\t\t\t\t\t\t\t\t\t\t\t\t\t\t\t\t\t\t\t\t\t<span class=\"elementor-button-text\">ENVOYER<\/span>\n\t\t\t\t\t\t\t\t\t\t\t\t\t<\/span>\n\t\t\t\t\t<\/button>\n\t\t\t\t<\/div>\n\t\t\t<\/div>\n\t\t<\/form>\n\t\t\t\t\t\t<\/div>\n\t\t\t\t<\/div>\n\t\t\t\t\t<\/div>\n\t\t<\/div>\n\t\t\t\t\t<\/div>\n\t\t<\/div>\n\t\t\t\t<\/div>\n\t\t","protected":false},"excerpt":{"rendered":"<p>DEVENIR MENTOR DEVENIR MENTOR<\/p>\n","protected":false},"author":1,"featured_media":0,"parent":0,"menu_order":0,"comment_status":"closed","ping_status":"closed","template":"","meta":{"footnotes":""},"class_list":["post-274","page","type-page","status-publish","hentry"],"_links":{"self":[{"href":"https:\/\/school.iars-africa.org\/index.php\/wp-json\/wp\/v2\/pages\/274","targetHints":{"allow":["GET"]}}],"collection":[{"href":"https:\/\/school.iars-africa.org\/index.php\/wp-json\/wp\/v2\/pages"}],"about":[{"href":"https:\/\/school.iars-africa.org\/index.php\/wp-json\/wp\/v2\/types\/page"}],"author":[{"embeddable":true,"href":"https:\/\/school.iars-africa.org\/index.php\/wp-json\/wp\/v2\/users\/1"}],"replies":[{"embeddable":true,"href":"https:\/\/school.iars-africa.org\/index.php\/wp-json\/wp\/v2\/comments?post=274"}],"version-history":[{"count":7,"href":"https:\/\/school.iars-africa.org\/index.php\/wp-json\/wp\/v2\/pages\/274\/revisions"}],"predecessor-version":[{"id":971,"href":"https:\/\/school.iars-africa.org\/index.php\/wp-json\/wp\/v2\/pages\/274\/revisions\/971"}],"wp:attachment":[{"href":"https:\/\/school.iars-africa.org\/index.php\/wp-json\/wp\/v2\/media?parent=274"}],"curies":[{"name":"wp","href":"https:\/\/api.w.org\/{rel}","templated":true}]}}